{"id":295,"date":"2019-09-11T11:19:50","date_gmt":"2019-09-11T09:19:50","guid":{"rendered":"https:\/\/www.vivreaveclevih.org\/?page_id=295"},"modified":"2021-10-06T15:34:22","modified_gmt":"2021-10-06T13:34:22","slug":"la-prevention-combinee-cest-quoi","status":"publish","type":"page","link":"https:\/\/www.vivreaveclevih.org\/fr\/vih\/la-prevention-combinee-cest-quoi\/","title":{"rendered":"La pr\u00e9vention combin\u00e9e, c&rsquo;est quoi ?"},"content":{"rendered":"","protected":false},"excerpt":{"rendered":"","protected":false},"author":1,"featured_media":0,"parent":23,"menu_order":0,"comment_status":"closed","ping_status":"closed","template":"","meta":{"_acf_changed":false,"footnotes":""},"class_list":["post-295","page","type-page","status-publish","hentry"],"acf":{"sidebar":211,"contenu_flexible":[{"acf_fc_layout":"textimage","text":"<p>La <strong>pr\u00e9vention combin\u00e9e<\/strong> est une strat\u00e9gie de lutte contre le VIH et les autres <a href=\"https:\/\/www.vivreaveclevih.org\/fr\/ist\/les-ist-cest-quoi\/\"><strong>IST<\/strong><\/a> (Infections Sexuellement Transmissibles). Mais de quoi s\u2019agit-il ?<\/p>\n<p>C\u2019est la possibilit\u00e9 de\u00a0combiner\u00a0<strong>plusieurs outils de pr\u00e9vention<\/strong>\u00a0en fonction de sa situation, de ses besoins, de ses pratiques ou de son mode de vie.<\/p>\n<p>La sexualit\u00e9 est une affaire tr\u00e8s personnelle, avec des pratiques et des d\u00e9sirs qui varient d\u2019une personne \u00e0 l\u2019autre. D\u2019o\u00f9 l\u2019int\u00e9r\u00eat de la pr\u00e9vention combin\u00e9e qui\u00a0<strong>\u00e9largit le choix<\/strong>\u00a0des strat\u00e9gies de pr\u00e9vention.\u00a0<strong>A chacun\u00b7e de faire le bon choix<\/strong>.<\/p>\n<p>Car <strong>si le pr\u00e9servatif reste un moyen incontournable pour se prot\u00e9ger, le d\u00e9pistage et les traitements jouent aussi un r\u00f4le capital dans la pr\u00e9vention des IST, et du VIH pour son\u00b7sa\u00b7ses partenaire\u00b7s. <\/strong>Ils pr\u00e9sentent de plus de nombreux avantages.<\/p>\n","image":5133,"background_color":false,"link_image":""},{"acf_fc_layout":"text2cols","background_color":false,"title":"La pr\u00e9vention combin\u00e9e repose sur trois grandes strat\u00e9gies\u00a0:","col_left":"<h3>1. L\u2019utilisation des <a href=\"https:\/\/www.vivreaveclevih.org\/fr\/protection\/le-preservatif\/\">pr\u00e9servatifs<\/a><\/h3>\n<h3>2. Le recours au d\u00e9pistage<\/h3>\n<p>Connaitre son statut s\u00e9rologique, c\u2019est savoir si on est s\u00e9ropositif\u00b7ve (infect\u00e9\u00b7e\u00a0par le VIH) ou s\u00e9ron\u00e9gatif\u00b7ve (non infect\u00e9\u00b7e par le VIH). La connaissance de son statut s\u00e9rologique est essentielle.<br \/>\nAu niveau individuel, cela permet de <strong>prendre un traitement le plus t\u00f4t possible si l\u2019on est porteur\u00b7euse du VIH et de conserver une esp\u00e9rance et une qualit\u00e9 de vie \u00e9quivalentes \u00e0 celles de n\u2019importe qui<\/strong>.<br \/>\nD\u2019un point de vue collectif, cela permet de <strong>r\u00e9duire le nombre d\u2019infections par le VIH car une personne se sachant porteuse du VIH va adapter ses pratiques pour emp\u00eacher la transmission du virus<\/strong>.<\/p>\n<p><img loading=\"lazy\" decoding=\"async\" class=\"aligncenter size-full wp-image-919\" src=\"https:\/\/www.vivreaveclevih.org\/wp-content\/uploads\/2019\/09\/TROD-goutte-de-sang.png\" alt=\"TROD-goutte-de-sang\" width=\"717\" height=\"277\" srcset=\"https:\/\/www.vivreaveclevih.org\/wp-content\/uploads\/2019\/09\/TROD-goutte-de-sang.png 717w, https:\/\/www.vivreaveclevih.org\/wp-content\/uploads\/2019\/09\/TROD-goutte-de-sang-300x116.png 300w\" sizes=\"auto, (max-width: 717px) 100vw, 717px\" \/><\/p>\n","col_right":"<p>Il existe<strong>\u00a03 types<\/strong> de d\u00e9pistage : <strong>le test de d\u00e9pistage classique<\/strong> (test r\u00e9alis\u00e9 par une prise de sang 6 semaines apr\u00e8s la prise de risque), <strong>le test Rapide \u00e0 Orientation Diagnostique<\/strong> (TROD, il s\u2019agit d\u2019un test r\u00e9alis\u00e9 avec de la salive ou une goutte de sang 3 mois apr\u00e8s la prise de risque, avec un r\u00e9sultat en quelques minutes. En cas de r\u00e9sultat positif, il est obligatoire de le confirmer par un test classique), <strong>l&rsquo;autotest<\/strong> (TROD vendu en pharmacie que vous pouvez r\u00e9aliser vous-m\u00eame \u00e0 partir d\u2019une goutte de sang 3 mois apr\u00e8s la prise de risque. En cas de r\u00e9sultat positif, il est aussi obligatoire de le confirmer par un test classique par prise de sang).<\/p>\n<h3>3. Les avanc\u00e9es des\u00a0traitements\u00a0: <a href=\"https:\/\/www.vivreaveclevih.org\/fr\/protection\/indetectable-intransmissible-ou-ii\/\">i=i<\/a>, <a href=\"https:\/\/www.vivreaveclevih.org\/fr\/protection\/la-prep\/\">PrEP<\/a>, <a href=\"https:\/\/www.vivreaveclevih.org\/fr\/traitement\/vih\/tpe-traitement-post-exposition\/\">TPE<\/a>.<\/h3>\n<p>Si le traitement est bien pris, la personne vivant avec le VIH obtiendra une<strong>\u00a0<a href=\"https:\/\/www.vivreaveclevih.org\/fr\/vih\/la-charge-virale-cest-quoi\/\">charge virale ind\u00e9tectable<\/a><\/strong>, c&rsquo;est-\u00e0-dire qu&rsquo;il n\u2019y a presque plus de virus dans son organisme et qu&rsquo;elle ne peut donc plus transmettre le virus, que ce soit lors de relations sexuelles non prot\u00e9g\u00e9es, ou de <a href=\"https:\/\/www.vivreaveclevih.org\/fr\/protection\/proteger-son-enfant-durant-la-grossesse\/\"><strong>la m\u00e8re \u00e0 l&rsquo;enfant<\/strong><\/a> pendant la grossesse ou l\u2019accouchement : on parle de <strong><a href=\"https:\/\/www.vivreaveclevih.org\/fr\/protection\/indetectable-intransmissible-ou-ii\/\">ind\u00e9tectable = intransmissible<\/a><\/strong>, ou de i=i.<\/p>\n"},{"acf_fc_layout":"textfull","text":"<p>De plus, ces traitements, utilis\u00e9s de mani\u00e8re pr\u00e9ventive, permettent\u00a0<strong>aux personnes s\u00e9ron\u00e9gatives<\/strong>\u00a0d\u2019\u00e9viter d\u2019\u00eatre infect\u00e9es par le VIH m\u00eame si elles sont en contact avec le virus\u00a0: c\u2019est ce qu\u2019on appelle la <a href=\"https:\/\/www.vivreaveclevih.org\/fr\/protection\/la-prep\/\"><strong>PrEP<\/strong><\/a>.<\/p>\n<p>Enfin, il est possible de recevoir un <strong>traitement d\u2019urgence apr\u00e8s une exposition au VIH<\/strong> afin d\u2019\u00e9viter l\u2019infection : c\u2019est le <a href=\"https:\/\/www.vivreaveclevih.org\/fr\/traitement\/vih\/tpe-traitement-post-exposition\/\"><strong>TPE<\/strong><\/a>.<\/p>\n","background_color":false},{"acf_fc_layout":"textfull","text":"<p><strong>Pour les <a href=\"https:\/\/www.vivreaveclevih.org\/fr\/ist\/les-ist-cest-quoi\/\">IST<\/a> aussi<\/strong>, l\u2019utilisation combin\u00e9e du pr\u00e9servatif, du d\u00e9pistage et du traitement permet de pr\u00e9venir l\u2019infection de son\u00b7sa\u00b7ses partenaire\u00b7s.<\/p>\n<blockquote><p>La pr\u00e9vention combin\u00e9e : une bo\u00eete \u00e0 outils.<br \/>\nA chacun d\u2019utiliser la\u00b7les strat\u00e9gie\u00b7s adapt\u00e9e\u00b7s \u00e0 ses besoins.<\/p><\/blockquote>\n","background_color":false},{"acf_fc_layout":"video","video_id":"2yft0D4eGKo"}]},"_links":{"self":[{"href":"https:\/\/www.vivreaveclevih.org\/fr\/wp-json\/wp\/v2\/pages\/295","targetHints":{"allow":["GET"]}}],"collection":[{"href":"https:\/\/www.vivreaveclevih.org\/fr\/wp-json\/wp\/v2\/pages"}],"about":[{"href":"https:\/\/www.vivreaveclevih.org\/fr\/wp-json\/wp\/v2\/types\/page"}],"author":[{"embeddable":true,"href":"https:\/\/www.vivreaveclevih.org\/fr\/wp-json\/wp\/v2\/users\/1"}],"replies":[{"embeddable":true,"href":"https:\/\/www.vivreaveclevih.org\/fr\/wp-json\/wp\/v2\/comments?post=295"}],"version-history":[{"count":1,"href":"https:\/\/www.vivreaveclevih.org\/fr\/wp-json\/wp\/v2\/pages\/295\/revisions"}],"predecessor-version":[{"id":10341,"href":"https:\/\/www.vivreaveclevih.org\/fr\/wp-json\/wp\/v2\/pages\/295\/revisions\/10341"}],"up":[{"embeddable":true,"href":"https:\/\/www.vivreaveclevih.org\/fr\/wp-json\/wp\/v2\/pages\/23"}],"wp:attachment":[{"href":"https:\/\/www.vivreaveclevih.org\/fr\/wp-json\/wp\/v2\/media?parent=295"}],"curies":[{"name":"wp","href":"https:\/\/api.w.org\/{rel}","templated":true}]}}

La prévention combinée, c&rsquo;est quoi ?

<p>La <strong>prévention combinée</strong> est une stratégie de lutte contre le VIH et les autres <a href="https://www.vivreaveclevih.org/fr/ist/les-ist-cest-quoi/"><strong>IST</strong></a> (Infections Sexuellement Transmissibles). Mais de quoi s’agit-il ?</p>
<p>C’est la possibilité de combiner <strong>plusieurs outils de prévention</strong> en fonction de sa situation, de ses besoins, de ses pratiques ou de son mode de vie.</p>
<p>La sexualité est une affaire très personnelle, avec des pratiques et des désirs qui varient d’une personne à l’autre. D’où l’intérêt de la prévention combinée qui <strong>élargit le choix</strong> des stratégies de prévention. <strong>A chacun·e de faire le bon choix</strong>.</p>
<p>Car <strong>si le préservatif reste un moyen incontournable pour se protéger, le dépistage et les traitements jouent aussi un rôle capital dans la prévention des IST, et du VIH pour son·sa·ses partenaire·s. </strong>Ils présentent de plus de nombreux avantages.</p>

La prévention combinée repose sur trois grandes stratégies :

<h3>1. L’utilisation des <a href="https://www.vivreaveclevih.org/fr/protection/le-preservatif/">préservatifs</a></h3>
<h3>2. Le recours au dépistage</h3>
<p>Connaitre son statut sérologique, c’est savoir si on est séropositif·ve (infecté·e par le VIH) ou séronégatif·ve (non infecté·e par le VIH). La connaissance de son statut sérologique est essentielle.<br />
Au niveau individuel, cela permet de <strong>prendre un traitement le plus tôt possible si l’on est porteur·euse du VIH et de conserver une espérance et une qualité de vie équivalentes à celles de n’importe qui</strong>.<br />
D’un point de vue collectif, cela permet de <strong>réduire le nombre d’infections par le VIH car une personne se sachant porteuse du VIH va adapter ses pratiques pour empêcher la transmission du virus</strong>.</p>
<p><img loading="lazy" decoding="async" class="aligncenter size-full wp-image-919" src="https://www.vivreaveclevih.org/wp-content/uploads/2019/09/TROD-goutte-de-sang.png" alt="TROD-goutte-de-sang" width="717" height="277" srcset="https://www.vivreaveclevih.org/wp-content/uploads/2019/09/TROD-goutte-de-sang.png 717w, https://www.vivreaveclevih.org/wp-content/uploads/2019/09/TROD-goutte-de-sang-300x116.png 300w" sizes="auto, (max-width: 717px) 100vw, 717px" /></p>

<p>Il existe<strong> 3 types</strong> de dépistage : <strong>le test de dépistage classique</strong> (test réalisé par une prise de sang 6 semaines après la prise de risque), <strong>le test Rapide à Orientation Diagnostique</strong> (TROD, il s’agit d’un test réalisé avec de la salive ou une goutte de sang 3 mois après la prise de risque, avec un résultat en quelques minutes. En cas de résultat positif, il est obligatoire de le confirmer par un test classique), <strong>l&rsquo;autotest</strong> (TROD vendu en pharmacie que vous pouvez réaliser vous-même à partir d’une goutte de sang 3 mois après la prise de risque. En cas de résultat positif, il est aussi obligatoire de le confirmer par un test classique par prise de sang).</p>
<h3>3. Les avancées des traitements : <a href="https://www.vivreaveclevih.org/fr/protection/indetectable-intransmissible-ou-ii/">i=i</a>, <a href="https://www.vivreaveclevih.org/fr/protection/la-prep/">PrEP</a>, <a href="https://www.vivreaveclevih.org/fr/traitement/vih/tpe-traitement-post-exposition/">TPE</a>.</h3>
<p>Si le traitement est bien pris, la personne vivant avec le VIH obtiendra une<strong> <a href="https://www.vivreaveclevih.org/fr/vih/la-charge-virale-cest-quoi/">charge virale indétectable</a></strong>, c&rsquo;est-à-dire qu&rsquo;il n’y a presque plus de virus dans son organisme et qu&rsquo;elle ne peut donc plus transmettre le virus, que ce soit lors de relations sexuelles non protégées, ou de <a href="https://www.vivreaveclevih.org/fr/protection/proteger-son-enfant-durant-la-grossesse/"><strong>la mère à l&rsquo;enfant</strong></a> pendant la grossesse ou l’accouchement : on parle de <strong><a href="https://www.vivreaveclevih.org/fr/protection/indetectable-intransmissible-ou-ii/">indétectable = intransmissible</a></strong>, ou de i=i.</p>

<p>De plus, ces traitements, utilisés de manière préventive, permettent <strong>aux personnes séronégatives</strong> d’éviter d’être infectées par le VIH même si elles sont en contact avec le virus : c’est ce qu’on appelle la <a href="https://www.vivreaveclevih.org/fr/protection/la-prep/"><strong>PrEP</strong></a>.</p>
<p>Enfin, il est possible de recevoir un <strong>traitement d’urgence après une exposition au VIH</strong> afin d’éviter l’infection : c’est le <a href="https://www.vivreaveclevih.org/fr/traitement/vih/tpe-traitement-post-exposition/"><strong>TPE</strong></a>.</p>

<p><strong>Pour les <a href="https://www.vivreaveclevih.org/fr/ist/les-ist-cest-quoi/">IST</a> aussi</strong>, l’utilisation combinée du préservatif, du dépistage et du traitement permet de prévenir l’infection de son·sa·ses partenaire·s.</p>
<blockquote><p>La prévention combinée : une boîte à outils.<br />
A chacun d’utiliser la·les stratégie·s adaptée·s à ses besoins.</p></blockquote>
