{"id":9423,"date":"2021-07-07T21:35:15","date_gmt":"2021-07-07T19:35:15","guid":{"rendered":"https:\/\/www.vivreaveclevih.org\/?page_id=9423"},"modified":"2022-07-08T13:02:43","modified_gmt":"2022-07-08T11:02:43","slug":"victime-de-discrimination-que-faire","status":"publish","type":"page","link":"https:\/\/www.vivreaveclevih.org\/fr\/mes-droits\/victime-de-discrimination-que-faire\/","title":{"rendered":"Victime de discrimination, que faire ?"},"content":{"rendered":"","protected":false},"excerpt":{"rendered":"","protected":false},"author":1,"featured_media":0,"parent":9421,"menu_order":0,"comment_status":"closed","ping_status":"closed","template":"","meta":{"_acf_changed":false,"footnotes":""},"class_list":["post-9423","page","type-page","status-publish","hentry"],"acf":{"sidebar":211,"contenu_flexible":[{"acf_fc_layout":"textfull","text":"<p><strong>En Belgique, la discrimination est punie par la loi.<\/strong> Une loi qui prot\u00e8ge les personnes vivant avec le VIH mais \u00e9galement les personnes qui sont discrimin\u00e9es en raison de leur lien avec une personne vivant avec le VIH, m\u00eame si elles ne sont pas elles-m\u00eames porteuses du <a href=\"https:\/\/www.vivreaveclevih.org\/fr\/vih\/le-vih-cest-quoi\/\"><strong>VIH<\/strong><\/a>\u00a0: c\u2019est ce qu\u2019on appelle la discrimination par association. Dans certains cas, la loi donne aux victimes de discriminations le droit d\u2019agir en justice devant le juge civil. On pense, par exemple, \u00e0 un\u00b7e propri\u00e9taire qui refuserait de louer son appartement \u00e0 une personne vivant avec le VIH car il\u00b7elle craint la r\u00e9action des autres locataires s\u2019ils l\u2019apprenaient. Dans ce cas, s\u2019il\u00b7elle reconna\u00eet la discrimination, <strong>le\u00b7la juge pourra octroyer des dommages et int\u00e9r\u00eats forfaitaires \u00e0 la victime<\/strong> et ordonner \u00e0 l\u2019auteur\u00b7e de la discrimination d\u2019arr\u00eater celle-ci.<\/p>\n<p><strong>La discrimination, c\u2019est le fait de traiter une personne de mani\u00e8re moins favorable qu\u2019une autre dans une situation comparable, en raison, par exemple, de son \u00e9tat de sant\u00e9 actuel ou futur ou de son handicap, sans que cela ne se justifie<\/strong>. <strong><a href=\"https:\/\/www.vivreaveclevih.org\/fr\/mes-droits\/vie-professionnelle-et-vih\/\">En mati\u00e8re d\u2019emploi<\/a><\/strong>, une distinction de traitement sur base du handicap (voir la loi de 2007) ne peut \u00eatre justifi\u00e9e que par des exigences professionnelles essentielles et d\u00e9terminantes. Par exemple, une personne qui a des difficult\u00e9s \u00e0 marcher ne pourra pas devenir pompier.<\/p>\n","background_color":false},{"acf_fc_layout":"textfull","text":"<h3>La loi anti-discrimination de 2007<\/h3>\n<p>Depuis le 10 mai 2007, une loi anti-discrimination est entr\u00e9e en vigueur en Belgique. Celle-ci peut s\u2019appliquer \u00e0 tous les cas av\u00e9r\u00e9s de discrimination fond\u00e9e sur l&rsquo;\u00e9tat de sant\u00e9 actuel ou futur, ou sur le handicap. Au sens de la loi, la notion de handicap doit \u00eatre interpr\u00e9t\u00e9e tr\u00e8s largement : elle prend en compte les personnes affect\u00e9es d\u2019une maladie chronique. <strong>Elle concerne donc \u00e9galement les personnes vivant avec le VIH.<\/strong><\/p>\n","background_color":true},{"acf_fc_layout":"textfull","text":"<p><a class=\"readmore\" href=\"https:\/\/preventionsida.org\/fr\/ressources\/brochure-connaitre-et-faire-valoir-ses-droits\/\">Plus d&rsquo;infos ? brochure Conna\u00eetre et faire valoir ses droits page 6<\/a><\/p>\n<p><img loading=\"lazy\" decoding=\"async\" class=\"aligncenter size-full wp-image-10017\" src=\"https:\/\/www.vivreaveclevih.org\/wp-content\/uploads\/2021\/08\/discri.jpg\" alt=\"\" width=\"582\" height=\"203\" srcset=\"https:\/\/www.vivreaveclevih.org\/wp-content\/uploads\/2021\/08\/discri.jpg 582w, https:\/\/www.vivreaveclevih.org\/wp-content\/uploads\/2021\/08\/discri-300x105.jpg 300w, https:\/\/www.vivreaveclevih.org\/wp-content\/uploads\/2021\/08\/discri-500x174.jpg 500w\" sizes=\"auto, (max-width: 582px) 100vw, 582px\" \/><\/p>\n<h5>Une enqu\u00eate sur la qualit\u00e9 de vie des personnes vivant avec le VIH en Belgique Francophone a \u00e9t\u00e9 men\u00e9e en 2010-2012 par un groupement de partenaires dont la Plateforme Pr\u00e9vention Sida.<\/h5>\n<p>Cette enqu\u00eate a mis en \u00e9vidence que :<\/p>\n<ul>\n<li>La majorit\u00e9 des r\u00e9pondant\u00b7es (85,6%) ne connaissent pas l&rsquo;existence d&rsquo;une loi prot\u00e9geant les personnes vivant avec le VIH en Belgique<\/li>\n<li>49,8% des r\u00e9pondant\u00b7es ont renonc\u00e9 \u00e0 quelque chose, de peur d&rsquo;\u00eatre discrimin\u00e9\u00b7es, et 84,3% ont annonc\u00e9 leur statut s\u00e9rologique \u00e0 au moins une personne.<\/li>\n<li>Parmi ceux l&rsquo;ayant r\u00e9v\u00e9l\u00e9, 62,9% l&rsquo;ont au moins dit \u00e0 un\u00b7e ami\u00b7e, 56,4% \u00e0 une personne de leur fratrie et 89,7% \u00e0 leur partenaire stable, pour ceux qui sont en couple.<\/li>\n<li>13,1% des r\u00e9pondant\u00b7es ont d\u00e9j\u00e0 connu des refus de soins du fait de leur s\u00e9ropositivit\u00e9. En effet, bien que le milieu m\u00e9dical soit le lieu central de soins, de suivi en toute confidentialit\u00e9, d&rsquo;information en mati\u00e8re de VIH, on y trouve malgr\u00e9 tout des attitudes non justifi\u00e9es et des actes de discrimination de la part de certain\u00b7es professionnel\u00b7les de la sant\u00e9.<\/li>\n<li>24,5% ont connu une rupture de relation \u00e0 cause de leur s\u00e9ropositivit\u00e9.<\/li>\n<\/ul>\n<p>&nbsp;<\/p>\n","background_color":false},{"acf_fc_layout":"imagetext","image":3845,"text":"<h2>C\u2019est quoi la stigmatisation\u00a0?<\/h2>\n<p><strong>La stigmatisation, c\u2019est le fait de discr\u00e9diter un individu aux yeux des autres<\/strong>. Les caract\u00e9ristiques sur lesquelles se portent la stigmatisation, par exemple la couleur de la peau, la mani\u00e8re de parler ou les pr\u00e9f\u00e9rences sexuelles, peuvent \u00eatre totalement arbitraires. La stigmatisation des personnes vivant avec le VIH concerne les croyances, attitudes et sentiments n\u00e9gatifs \u00e0 propos d&rsquo;elles (par exemple, penser que toutes les personnes vivant avec le VIH ont l\u2019air malade). La stigmatisation se manifeste par le langage, les actes ou l\u2019attitude, et se fonde en partie sur la peur des gens face aux cons\u00e9quences de l\u2019infection au VIH. C\u2019est cette stigmatisation qui conduira ensuite \u00e0 de la discrimination.<\/p>\n","background_color":false,"link_image":""},{"acf_fc_layout":"doubleblock","content_block_left":"<h2>Les cons\u00e9quences de la discrimination et de la stigmatisation<\/h2>\n<p>Il est tr\u00e8s important de d\u00e9noncer les actes ou agissements stigmatisants et discriminatoires qui violent vos droits humains, comme le droit \u00e0 la sant\u00e9, \u00e0 la dignit\u00e9 et \u00e0 la vie priv\u00e9e.\u00a0En effet, la discrimination et la stigmatisation peuvent avoir des cons\u00e9quences graves\u00a0:<\/p>\n<ul>\n<li>Isolement social et probl\u00e8me d\u2019int\u00e9gration dans la soci\u00e9t\u00e9<\/li>\n<li>Perte de l\u2019estime et de la confiance en soi<\/li>\n<li>Impact direct sur la qualit\u00e9 de vie<\/li>\n<li>Cons\u00e9quences sur la sant\u00e9 mentale (d\u00e9pression, trouble d\u2019anxi\u00e9t\u00e9)<\/li>\n<li>Difficult\u00e9s \u00e0 prendre son traitement<\/li>\n<li>Obstacle \u00e0 une vie satisfaisante et \u00e9panouie<\/li>\n<li>Barri\u00e8re \u00e0 une vie affective et sexuelle \u00e9panouie<\/li>\n<\/ul>\n","background_color_left":false,"content_block_right":"<h2>A qui s\u2019adresser en cas de discrimination\u00a0?<\/h2>\n<p>Vous pouvez contacter <strong>Unia<\/strong>, une institution publique ind\u00e9pendante qui lutte contre la discrimination et d\u00e9fend l\u2019\u00e9galit\u00e9 des chances en Belgique. Ce service enregistre les plaintes, accueille les victimes et les conseille apr\u00e8s avoir analys\u00e9 les situations rapport\u00e9es. Unia peut vous soutenir dans vos d\u00e9marches, vous apporter un soutien individuel, mener des conciliations et \u00e9ventuellement, dans certains cas, d\u00e9poser plainte devant les tribunaux, avec l\u2019accord de la victime.<\/p>\n<p><strong>UNIA Rue Royale 138, 1000 Bruxelles 02\/212.30.00 www.unia.be<\/strong><\/p>\n<p><strong>Ligne verte (plaintes)\u00a0: 0800\/12.800 (lundi, mercredi et vendredi, de 9h30 \u00e0 13h) <a href=\"mailto:info@unia.be\">info@unia.be<\/a> ou <a href=\"http:\/\/www.unia.be\/fr\/contacter-unia\">www.unia.be\/fr\/contacter-unia<\/a><\/strong><\/p>\n","background_color_right":true},{"acf_fc_layout":"textfull","text":"<p>A la Plateforme Pr\u00e9vention Sida la\u00a0<strong>lutte contre les discriminations et la stigmatisation<\/strong>\u00a0est<strong> au c\u0153ur de nos activit\u00e9s<\/strong>\u00a0et prend plusieurs formes\u202f:<\/p>\n<ul>\n<li><strong>Soutenir les personnes vivant avec le VIH<\/strong> pour qu\u2019elles puissent lutter contre les discriminations dont elles sont victimes gr\u00e2ce \u00e0 nos activit\u00e9s de groupe : <a href=\"https:\/\/www.vivreaveclevih.org\/fr\/activites\/lespace-mandela\/\"><strong>Espace Mandela<\/strong><\/a> et groupe <a href=\"https:\/\/www.vivreaveclevih.org\/fr\/activites\/actions-plus\/\"><strong>Actions Plus<\/strong><\/a>.<\/li>\n<li><strong>Impliquer\u00a0des personnes vivant avec le VIH\u00a0<\/strong>dans la lutte contre le VIH selon le principe GIPA de l\u2019ONUSIDA.<\/li>\n<\/ul>\n<blockquote><p>GIPA est un principe qui vise \u00e0 garantir aux personnes vivant avec le VIH l\u2019exercice de leurs droits et de leurs responsabilit\u00e9s y compris leur droit \u00e0 l\u2019autod\u00e9termination et \u00e0 la participation aux processus de prise de d\u00e9cisions qui affectent leur propre vie. Ce faisant, GIPA vise \u00e9galement une meilleure qualit\u00e9 et une plus grande efficacit\u00e9 de la riposte au SIDA.<\/p><\/blockquote>\n<p>&nbsp;<\/p>\n<ul>\n<li>Chaque ann\u00e9e,<strong> changer l\u2019image des personnes vivant avec le VIH <\/strong>\u00e0 l\u2019occasion de la Journ\u00e9e mondiale de Lutte contre le Sida gr\u00e2ce \u00e0 nos <strong><a href=\"https:\/\/preventionsida.org\/fr\/espace-pro\/les-activites\/campagnes\/\">Campagnes de sensibilisation<\/a><\/strong> : \u00ab <a href=\"https:\/\/preventionsida.org\/fr\/ressources\/campagne-1er-decembre-2018-2019\/\"><strong>L\u2019exclusion reste une r\u00e9alit\u00e9<\/strong><\/a> \u00bb, \u00ab <a href=\"https:\/\/preventionsida.org\/fr\/ressources\/campagne-1er-decembre-2015-2016-2017\/\"><strong>Partager sa vie avec une personne s\u00e9ropositive, c\u2019est possible<\/strong><\/a> \u00bb.<\/li>\n<\/ul>\n<ul>\n<li>Ouvrir le\u00a0<strong>dialogue<\/strong>\u00a0sur les discriminations, les discriminations multiples et\u00a0les discriminations intracommunautaires durant nos <a href=\"https:\/\/www.vivreaveclevih.org\/fr\/activites\/rencontres-avec-les-professionnels\/\"><strong>Journ\u00e9es d\u2019\u00e9tude<\/strong><\/a>.<\/li>\n<\/ul>\n<ul>\n<li><strong>Sensibiliser via nos animations <\/strong>pour am\u00e9liorer les\u00a0connaissances sur les IST\/VIH et d\u00e9construire certains pr\u00e9jug\u00e9s\u00a0: <a href=\"https:\/\/preventionsida.org\/fr\/ressources\/animations-stands\/\"><strong>animations<\/strong><\/a> sur le terrain afin d\u2019informer les jeunes et les personnes d\u2019origine \u00e9trang\u00e8re sur la pr\u00e9vention du VIH et des IST pour les sensibiliser directement et am\u00e9liorer leurs connaissances en sant\u00e9 sexuelle.<\/li>\n<\/ul>\n","background_color":false},{"acf_fc_layout":"textfull","text":"","background_color":false}]},"_links":{"self":[{"href":"https:\/\/www.vivreaveclevih.org\/fr\/wp-json\/wp\/v2\/pages\/9423","targetHints":{"allow":["GET"]}}],"collection":[{"href":"https:\/\/www.vivreaveclevih.org\/fr\/wp-json\/wp\/v2\/pages"}],"about":[{"href":"https:\/\/www.vivreaveclevih.org\/fr\/wp-json\/wp\/v2\/types\/page"}],"author":[{"embeddable":true,"href":"https:\/\/www.vivreaveclevih.org\/fr\/wp-json\/wp\/v2\/users\/1"}],"replies":[{"embeddable":true,"href":"https:\/\/www.vivreaveclevih.org\/fr\/wp-json\/wp\/v2\/comments?post=9423"}],"version-history":[{"count":3,"href":"https:\/\/www.vivreaveclevih.org\/fr\/wp-json\/wp\/v2\/pages\/9423\/revisions"}],"predecessor-version":[{"id":10752,"href":"https:\/\/www.vivreaveclevih.org\/fr\/wp-json\/wp\/v2\/pages\/9423\/revisions\/10752"}],"up":[{"embeddable":true,"href":"https:\/\/www.vivreaveclevih.org\/fr\/wp-json\/wp\/v2\/pages\/9421"}],"wp:attachment":[{"href":"https:\/\/www.vivreaveclevih.org\/fr\/wp-json\/wp\/v2\/media?parent=9423"}],"curies":[{"name":"wp","href":"https:\/\/api.w.org\/{rel}","templated":true}]}}

<p><strong>En Belgique, la discrimination est punie par la loi.</strong> Une loi qui protège les personnes vivant avec le VIH mais également les personnes qui sont discriminées en raison de leur lien avec une personne vivant avec le VIH, même si elles ne sont pas elles-mêmes porteuses du <a href="https://www.vivreaveclevih.org/fr/vih/le-vih-cest-quoi/"><strong>VIH</strong></a> : c’est ce qu’on appelle la discrimination par association. Dans certains cas, la loi donne aux victimes de discriminations le droit d’agir en justice devant le juge civil. On pense, par exemple, à un·e propriétaire qui refuserait de louer son appartement à une personne vivant avec le VIH car il·elle craint la réaction des autres locataires s’ils l’apprenaient. Dans ce cas, s’il·elle reconnaît la discrimination, <strong>le·la juge pourra octroyer des dommages et intérêts forfaitaires à la victime</strong> et ordonner à l’auteur·e de la discrimination d’arrêter celle-ci.</p>
<p><strong>La discrimination, c’est le fait de traiter une personne de manière moins favorable qu’une autre dans une situation comparable, en raison, par exemple, de son état de santé actuel ou futur ou de son handicap, sans que cela ne se justifie</strong>. <strong><a href="https://www.vivreaveclevih.org/fr/mes-droits/vie-professionnelle-et-vih/">En matière d’emploi</a></strong>, une distinction de traitement sur base du handicap (voir la loi de 2007) ne peut être justifiée que par des exigences professionnelles essentielles et déterminantes. Par exemple, une personne qui a des difficultés à marcher ne pourra pas devenir pompier.</p>

<h3>La loi anti-discrimination de 2007</h3>
<p>Depuis le 10 mai 2007, une loi anti-discrimination est entrée en vigueur en Belgique. Celle-ci peut s’appliquer à tous les cas avérés de discrimination fondée sur l&rsquo;état de santé actuel ou futur, ou sur le handicap. Au sens de la loi, la notion de handicap doit être interprétée très largement : elle prend en compte les personnes affectées d’une maladie chronique. <strong>Elle concerne donc également les personnes vivant avec le VIH.</strong></p>

<p><a class="readmore" href="https://preventionsida.org/fr/ressources/brochure-connaitre-et-faire-valoir-ses-droits/">Plus d&rsquo;infos ? brochure Connaître et faire valoir ses droits page 6</a></p>
<p><img loading="lazy" decoding="async" class="aligncenter size-full wp-image-10017" src="https://www.vivreaveclevih.org/wp-content/uploads/2021/08/discri.jpg" alt="" width="582" height="203" srcset="https://www.vivreaveclevih.org/wp-content/uploads/2021/08/discri.jpg 582w, https://www.vivreaveclevih.org/wp-content/uploads/2021/08/discri-300x105.jpg 300w, https://www.vivreaveclevih.org/wp-content/uploads/2021/08/discri-500x174.jpg 500w" sizes="auto, (max-width: 582px) 100vw, 582px" /></p>
<h5>Une enquête sur la qualité de vie des personnes vivant avec le VIH en Belgique Francophone a été menée en 2010-2012 par un groupement de partenaires dont la Plateforme Prévention Sida.</h5>
<p>Cette enquête a mis en évidence que :</p>
<ul>
<li>La majorité des répondant·es (85,6%) ne connaissent pas l&rsquo;existence d&rsquo;une loi protégeant les personnes vivant avec le VIH en Belgique</li>
<li>49,8% des répondant·es ont renoncé à quelque chose, de peur d&rsquo;être discriminé·es, et 84,3% ont annoncé leur statut sérologique à au moins une personne.</li>
<li>Parmi ceux l&rsquo;ayant révélé, 62,9% l&rsquo;ont au moins dit à un·e ami·e, 56,4% à une personne de leur fratrie et 89,7% à leur partenaire stable, pour ceux qui sont en couple.</li>
<li>13,1% des répondant·es ont déjà connu des refus de soins du fait de leur séropositivité. En effet, bien que le milieu médical soit le lieu central de soins, de suivi en toute confidentialité, d&rsquo;information en matière de VIH, on y trouve malgré tout des attitudes non justifiées et des actes de discrimination de la part de certain·es professionnel·les de la santé.</li>
<li>24,5% ont connu une rupture de relation à cause de leur séropositivité.</li>
</ul>
<p>&nbsp;</p>

<h2>C’est quoi la stigmatisation ?</h2>
<p><strong>La stigmatisation, c’est le fait de discréditer un individu aux yeux des autres</strong>. Les caractéristiques sur lesquelles se portent la stigmatisation, par exemple la couleur de la peau, la manière de parler ou les préférences sexuelles, peuvent être totalement arbitraires. La stigmatisation des personnes vivant avec le VIH concerne les croyances, attitudes et sentiments négatifs à propos d&rsquo;elles (par exemple, penser que toutes les personnes vivant avec le VIH ont l’air malade). La stigmatisation se manifeste par le langage, les actes ou l’attitude, et se fonde en partie sur la peur des gens face aux conséquences de l’infection au VIH. C’est cette stigmatisation qui conduira ensuite à de la discrimination.</p>

<h2>Les conséquences de la discrimination et de la stigmatisation</h2>
<p>Il est très important de dénoncer les actes ou agissements stigmatisants et discriminatoires qui violent vos droits humains, comme le droit à la santé, à la dignité et à la vie privée. En effet, la discrimination et la stigmatisation peuvent avoir des conséquences graves :</p>
<ul>
<li>Isolement social et problème d’intégration dans la société</li>
<li>Perte de l’estime et de la confiance en soi</li>
<li>Impact direct sur la qualité de vie</li>
<li>Conséquences sur la santé mentale (dépression, trouble d’anxiété)</li>
<li>Difficultés à prendre son traitement</li>
<li>Obstacle à une vie satisfaisante et épanouie</li>
<li>Barrière à une vie affective et sexuelle épanouie</li>
</ul>

<h2>A qui s’adresser en cas de discrimination ?</h2>
<p>Vous pouvez contacter <strong>Unia</strong>, une institution publique indépendante qui lutte contre la discrimination et défend l’égalité des chances en Belgique. Ce service enregistre les plaintes, accueille les victimes et les conseille après avoir analysé les situations rapportées. Unia peut vous soutenir dans vos démarches, vous apporter un soutien individuel, mener des conciliations et éventuellement, dans certains cas, déposer plainte devant les tribunaux, avec l’accord de la victime.</p>
<p><strong>UNIA Rue Royale 138, 1000 Bruxelles 02/212.30.00 www.unia.be</strong></p>
<p><strong>Ligne verte (plaintes) : 0800/12.800 (lundi, mercredi et vendredi, de 9h30 à 13h) <a href="mailto:info@unia.be">info@unia.be</a> ou <a href="http://www.unia.be/fr/contacter-unia">www.unia.be/fr/contacter-unia</a></strong></p>

<p>A la Plateforme Prévention Sida la <strong>lutte contre les discriminations et la stigmatisation</strong> est<strong> au cœur de nos activités</strong> et prend plusieurs formes :</p>
<ul>
<li><strong>Soutenir les personnes vivant avec le VIH</strong> pour qu’elles puissent lutter contre les discriminations dont elles sont victimes grâce à nos activités de groupe : <a href="https://www.vivreaveclevih.org/fr/activites/lespace-mandela/"><strong>Espace Mandela</strong></a> et groupe <a href="https://www.vivreaveclevih.org/fr/activites/actions-plus/"><strong>Actions Plus</strong></a>.</li>
<li><strong>Impliquer des personnes vivant avec le VIH </strong>dans la lutte contre le VIH selon le principe GIPA de l’ONUSIDA.</li>
</ul>
<blockquote><p>GIPA est un principe qui vise à garantir aux personnes vivant avec le VIH l’exercice de leurs droits et de leurs responsabilités y compris leur droit à l’autodétermination et à la participation aux processus de prise de décisions qui affectent leur propre vie. Ce faisant, GIPA vise également une meilleure qualité et une plus grande efficacité de la riposte au SIDA.</p></blockquote>
<p>&nbsp;</p>
<ul>
<li>Chaque année,<strong> changer l’image des personnes vivant avec le VIH </strong>à l’occasion de la Journée mondiale de Lutte contre le Sida grâce à nos <strong><a href="https://preventionsida.org/fr/espace-pro/les-activites/campagnes/">Campagnes de sensibilisation</a></strong> : « <a href="https://preventionsida.org/fr/ressources/campagne-1er-decembre-2018-2019/"><strong>L’exclusion reste une réalité</strong></a> », « <a href="https://preventionsida.org/fr/ressources/campagne-1er-decembre-2015-2016-2017/"><strong>Partager sa vie avec une personne séropositive, c’est possible</strong></a> ».</li>
</ul>
<ul>
<li>Ouvrir le <strong>dialogue</strong> sur les discriminations, les discriminations multiples et les discriminations intracommunautaires durant nos <a href="https://www.vivreaveclevih.org/fr/activites/rencontres-avec-les-professionnels/"><strong>Journées d’étude</strong></a>.</li>
</ul>
<ul>
<li><strong>Sensibiliser via nos animations </strong>pour améliorer les connaissances sur les IST/VIH et déconstruire certains préjugés : <a href="https://preventionsida.org/fr/ressources/animations-stands/"><strong>animations</strong></a> sur le terrain afin d’informer les jeunes et les personnes d’origine étrangère sur la prévention du VIH et des IST pour les sensibiliser directement et améliorer leurs connaissances en santé sexuelle.</li>
</ul>
