{"id":9446,"date":"2021-07-07T21:42:34","date_gmt":"2021-07-07T19:42:34","guid":{"rendered":"https:\/\/www.vivreaveclevih.org\/?page_id=9446"},"modified":"2025-03-28T10:30:25","modified_gmt":"2025-03-28T09:30:25","slug":"apprendre-ma-seropositivite","status":"publish","type":"page","link":"https:\/\/www.vivreaveclevih.org\/fr\/vivre-avec-le-vih\/apprendre-ma-seropositivite\/","title":{"rendered":"Apprendre ma s\u00e9ropositivit\u00e9"},"content":{"rendered":"<p>Vous venez d\u2019apprendre que vous \u00eates s\u00e9ropositif\u00b7ve au VIH.<\/p>\n<p>Il est normal d\u2019\u00e9prouver des \u00e9motions\u00a0diff\u00e9rentes et de vous poser une s\u00e9rie de questions sur la vie avec le VIH. L\u2019essentiel est de trouver une personne \u00e0 qui vous confier et que vous puissiez b\u00e9n\u00e9ficier d\u2019un soutien et d\u2019un accompagnement ad\u00e9quats<strong>.<\/strong><\/p>\n<p><strong>Une fois le diagnostic de s\u00e9ropositivit\u00e9 pos\u00e9, sachez que le virus (selon les\u00a0avanc\u00e9es m\u00e9dicales actuelles) restera pr\u00e9sent dans votre corps et qu\u2019il faudra \u00ab\u00a0vivre avec\u00a0\u00bb<\/strong>. De nos jours, vivre avec le VIH est consid\u00e9r\u00e9 comme vivre avec une maladie chronique\u00a0: l\u2019esp\u00e9rance de vie des personnes vivant avec le VIH est quasi normale, \u00e0 condition d\u2019avoir une <strong><a href=\"https:\/\/www.vivreaveclevih.org\/fr\/vivre-avec-le-vih\/prendre-soin-de-moi\/\">bonne hygi\u00e8ne de vie<\/a><\/strong> et de bien suivre les recommandations m\u00e9dicales.<\/p>\n<p>Conna\u00eetre votre statut s\u00e9rologique vous permet de b\u00e9n\u00e9ficier d\u2019un suivi m\u00e9dical correct et d&rsquo;\u00eatre rapidement mis\u00b7e sous traitement. <strong>Gr\u00e2ce au traitement, le virus est frein\u00e9 dans sa multiplication et sa trace dans le sang est \u00e0 peine perceptible<\/strong>\u00a0: c\u2019est ce que l\u2019on appelle la <strong><a href=\"https:\/\/www.vivreaveclevih.org\/fr\/vih\/la-charge-virale-cest-quoi\/\">charge virale ind\u00e9tectable<\/a><\/strong>. Le fait d\u2019avoir une charge virale ind\u00e9tectable prouve que le virus est sous contr\u00f4le et que par ce fait, le risque de <a href=\"https:\/\/www.vivreaveclevih.org\/fr\/vih\/comment-se-transmet-le-vih\/\"><strong>transmission<\/strong><\/a> est nul.<\/p>\n<p><img loading=\"lazy\" decoding=\"async\" class=\"aligncenter wp-image-9728 size-large\" src=\"https:\/\/www.vivreaveclevih.org\/wp-content\/uploads\/2021\/08\/poster-side-A2-6nov-small-1024x491.jpg\" alt=\"\" width=\"640\" height=\"307\" \/><\/p>\n","protected":false},"excerpt":{"rendered":"<p>Vous venez d\u2019apprendre que vous \u00eates s\u00e9ropositif\u00b7ve au VIH. Il est normal d\u2019\u00e9prouver des \u00e9motions\u00a0diff\u00e9rentes et de vous poser une s\u00e9rie de questions sur la vie avec le VIH. L\u2019essentiel est de trouver une personne \u00e0 qui vous confier et que vous puissiez b\u00e9n\u00e9ficier d\u2019un soutien et d\u2019un accompagnement ad\u00e9quats. Une fois le diagnostic de s\u00e9ropositivit\u00e9 pos\u00e9, sachez que le virus (selon les\u00a0avanc\u00e9es m\u00e9dicales actuelles) restera pr\u00e9sent dans votre corps et qu\u2019il faudra \u00ab\u00a0vivre avec\u00a0\u00bb. De nos jours, vivre avec le VIH est consid\u00e9r\u00e9 comme vivre avec une maladie chronique\u00a0: l\u2019esp\u00e9rance de vie des personnes vivant avec le VIH est quasi normale, \u00e0 condition d\u2019avoir une bonne hygi\u00e8ne de vie et de bien suivre les recommandations m\u00e9dicales. Conna\u00eetre votre statut s\u00e9rologique vous permet de b\u00e9n\u00e9ficier d\u2019un suivi m\u00e9dical correct et d&rsquo;\u00eatre rapidement mis\u00b7e sous traitement. Gr\u00e2ce au traitement, le virus est frein\u00e9 dans sa multiplication et sa trace dans le [&hellip;]<\/p>\n","protected":false},"author":1,"featured_media":0,"parent":993,"menu_order":0,"comment_status":"closed","ping_status":"closed","template":"","meta":{"_acf_changed":false,"footnotes":""},"class_list":["post-9446","page","type-page","status-publish","hentry"],"acf":{"sidebar":211,"contenu_flexible":[{"acf_fc_layout":"imagetext","image":10131,"text":"<h2>Annoncer ma s\u00e9ropositivit\u00e9<\/h2>\n<p>Vous souhaitez annoncer votre statut s\u00e9rologique \u00e0 votre entourage, votre\u00b7vos partenaires, vos proches, vos ami\u00b7es, vos coll\u00e8gues, etc\u2026 ? Quel que soit votre choix, prenez votre temps et r\u00e9fl\u00e9chissez <strong>au pourquoi, \u00e0 qui, quand et comment\u00a0<\/strong>avant de l\u2019annoncer.<\/p>\n<p>Des professionnel\u00b7les exp\u00e9riment\u00e9\u00b7es et de confiance peuvent vous soutenir et vous accompagner dans votre annonce. <strong>Les <a href=\"https:\/\/www.vivreaveclevih.org\/fr\/liens-utiles\/associations-vih\/\">associations<\/a><\/strong> de personnes vivant avec le VIH vous apporteront \u00e9galement un soutien et un accompagnement. Vous y rencontrerez des personnes avec qui partager votre exp\u00e9rience et votre v\u00e9cu.<\/p>\n<p>Bien souvent, c\u2019est parmi ses proches que l\u2019on trouve du soutien et du r\u00e9confort. <strong>Leurs r\u00e9actions peuvent \u00eatre diverses<\/strong>. Certain\u00b7es pourraient avoir une r\u00e9action inattendue (positive ou n\u00e9gative), soit parce qu\u2019ils\u00b7elles sont eux\u00b7elles-m\u00eames touch\u00e9\u00b7es par ce qui vous arrive, soit parce qu\u2019ils\u00b7elles ne comprennent pas et sont mal inform\u00e9\u00b7es sur la maladie. Vous pourriez aussi \u00eatre \u00e9tonn\u00e9\u00b7e de l\u2019accueil et de la capacit\u00e9 d\u2019\u00e9coute de vos proches.<\/p>\n<p>R\u00e9v\u00e9ler votre \u00e9tat de sant\u00e9 \u00e0 un\u00b7e proche ne se fait que par choix et non par obligation.<\/p>\n<p>Prenez bien votre temps avant d\u2019en parler et assurez-vous que votre interlocuteur\u00b7trice pourra pr\u00e9server votre secret et vous apporter le soutien dont vous avez besoin. Choisissez \u00e9galement un moment convenable et un endroit calme.<\/p>\n<p><a class=\"readmore\" href=\"https:\/\/www.vivreaveclevih.org\/fr\/mes-droits\/victime-de-discrimination-que-faire\/\">Pour en savoir plus : VICTIME DE DISCRIMINATION, que faire ?<\/a><\/p>\n","background_color":false,"link_image":""},{"acf_fc_layout":"textfull","text":"<h2>Est-ce que je risque de transmettre le VIH \u00e0 mon entourage\u00a0?<\/h2>\n<p>En tant que personne s\u00e9ropositive, <strong>vous ne pouvez pas <a href=\"https:\/\/www.vivreaveclevih.org\/fr\/vih\/comment-se-transmet-le-vih\/\">transmettre le VIH<\/a><\/strong> \u00e0 vos proches en dehors des rapports sexuels non prot\u00e9g\u00e9s. Le VIH ne se transmet pas par les gestes de la vie de tous les jours comme le partage d\u2019ustensiles de cuisine, utiliser les m\u00eames toilettes, porter les m\u00eames v\u00eatements, se donner la main, etc. Il ne se transmet pas non plus par les larmes, la sueur, la salive, un \u00e9ternuement, une piq\u00fbre d\u2019insecte, les\u00a0baisers<strong>,<\/strong> les\u00a0massages, ou la\u00a0masturbation.<\/p>\n<p><strong>Le VIH se transmet uniquement par<\/strong>\u00a0:<\/p>\n<ul>\n<li>Des rapports sexuels non prot\u00e9g\u00e9s s\u2019il y a p\u00e9n\u00e9tration vaginale ou anale et\/ou lors de rapports sexuels oraux non prot\u00e9g\u00e9s (fellation) si vous \u00eates le\u00b7la receveur\u00b7euse<\/li>\n<li>Un contact important avec du sang contamin\u00e9 lors de partage de mat\u00e9riel d\u2019injection<\/li>\n<li>La transmission <a href=\"https:\/\/www.vivreaveclevih.org\/fr\/protection\/proteger-son-enfant-durant-la-grossesse\/\"><strong>de la m\u00e8re \u00e0 l\u2019enfant<\/strong><\/a> en cas d\u2019absence de traitement de la m\u00e8re, ou pendant l\u2019allaitement<\/li>\n<\/ul>\n<p><a class=\"btn\" href=\"https:\/\/www.vivreaveclevih.org\/fr\/vih\/comment-se-transmet-le-vih\/\">Plus d&rsquo;infos sur les modes de transmission du VIH<\/a><\/p>\n","background_color":false},{"acf_fc_layout":"textfull","text":"<p><strong>NB !\u00a0<\/strong>Si votre charge virale est <a href=\"https:\/\/www.vivreaveclevih.org\/fr\/protection\/indetectable-intransmissible-ou-ii\/\"><strong>ind\u00e9tectable<\/strong><\/a>, g\u00e9n\u00e9ralement six mois apr\u00e8s le d\u00e9but du traitement, vous ne risquez pas de transmettre le VIH \u00e0 votre\u00b7vos partenaire\u00b7s lors des rapports sexuels sans pr\u00e9servatif et \u00e0 votre enfant au cours de la grossesse, ainsi que pendant l\u2019accouchement.<\/p>\n","background_color":true}]},"_links":{"self":[{"href":"https:\/\/www.vivreaveclevih.org\/fr\/wp-json\/wp\/v2\/pages\/9446","targetHints":{"allow":["GET"]}}],"collection":[{"href":"https:\/\/www.vivreaveclevih.org\/fr\/wp-json\/wp\/v2\/pages"}],"about":[{"href":"https:\/\/www.vivreaveclevih.org\/fr\/wp-json\/wp\/v2\/types\/page"}],"author":[{"embeddable":true,"href":"https:\/\/www.vivreaveclevih.org\/fr\/wp-json\/wp\/v2\/users\/1"}],"replies":[{"embeddable":true,"href":"https:\/\/www.vivreaveclevih.org\/fr\/wp-json\/wp\/v2\/comments?post=9446"}],"version-history":[{"count":5,"href":"https:\/\/www.vivreaveclevih.org\/fr\/wp-json\/wp\/v2\/pages\/9446\/revisions"}],"predecessor-version":[{"id":11976,"href":"https:\/\/www.vivreaveclevih.org\/fr\/wp-json\/wp\/v2\/pages\/9446\/revisions\/11976"}],"up":[{"embeddable":true,"href":"https:\/\/www.vivreaveclevih.org\/fr\/wp-json\/wp\/v2\/pages\/993"}],"wp:attachment":[{"href":"https:\/\/www.vivreaveclevih.org\/fr\/wp-json\/wp\/v2\/media?parent=9446"}],"curies":[{"name":"wp","href":"https:\/\/api.w.org\/{rel}","templated":true}]}}

Apprendre ma séropositivité

<p>Vous venez d’apprendre que vous êtes séropositif·ve au VIH.</p>
<p>Il est normal d’éprouver des émotions différentes et de vous poser une série de questions sur la vie avec le VIH. L’essentiel est de trouver une personne à qui vous confier et que vous puissiez bénéficier d’un soutien et d’un accompagnement adéquats<strong>.</strong></p>
<p><strong>Une fois le diagnostic de séropositivité posé, sachez que le virus (selon les avancées médicales actuelles) restera présent dans votre corps et qu’il faudra « vivre avec »</strong>. De nos jours, vivre avec le VIH est considéré comme vivre avec une maladie chronique : l’espérance de vie des personnes vivant avec le VIH est quasi normale, à condition d’avoir une <strong><a href="https://www.vivreaveclevih.org/fr/vivre-avec-le-vih/prendre-soin-de-moi/">bonne hygiène de vie</a></strong> et de bien suivre les recommandations médicales.</p>
<p>Connaître votre statut sérologique vous permet de bénéficier d’un suivi médical correct et d&rsquo;être rapidement mis·e sous traitement. <strong>Grâce au traitement, le virus est freiné dans sa multiplication et sa trace dans le sang est à peine perceptible</strong> : c’est ce que l’on appelle la <strong><a href="https://www.vivreaveclevih.org/fr/vih/la-charge-virale-cest-quoi/">charge virale indétectable</a></strong>. Le fait d’avoir une charge virale indétectable prouve que le virus est sous contrôle et que par ce fait, le risque de <a href="https://www.vivreaveclevih.org/fr/vih/comment-se-transmet-le-vih/"><strong>transmission</strong></a> est nul.</p>
<p><img loading="lazy" decoding="async" class="aligncenter wp-image-9728 size-large" src="https://www.vivreaveclevih.org/wp-content/uploads/2021/08/poster-side-A2-6nov-small-1024x491.jpg" alt="" width="640" height="307" /></p>

<p>Vous venez d’apprendre que vous êtes séropositif·ve au VIH. Il est normal d’éprouver des émotions différentes et de vous poser une série de questions sur la vie avec le VIH. L’essentiel est de trouver une personne à qui vous confier et que vous puissiez bénéficier d’un soutien et d’un accompagnement adéquats. Une fois le diagnostic de séropositivité posé, sachez que le virus (selon les avancées médicales actuelles) restera présent dans votre corps et qu’il faudra « vivre avec ». De nos jours, vivre avec le VIH est considéré comme vivre avec une maladie chronique : l’espérance de vie des personnes vivant avec le VIH est quasi normale, à condition d’avoir une bonne hygiène de vie et de bien suivre les recommandations médicales. Connaître votre statut sérologique vous permet de bénéficier d’un suivi médical correct et d&rsquo;être rapidement mis·e sous traitement. Grâce au traitement, le virus est freiné dans sa multiplication et sa trace dans le [&hellip;]</p>

<h2>Annoncer ma séropositivité</h2>
<p>Vous souhaitez annoncer votre statut sérologique à votre entourage, votre·vos partenaires, vos proches, vos ami·es, vos collègues, etc… ? Quel que soit votre choix, prenez votre temps et réfléchissez <strong>au pourquoi, à qui, quand et comment </strong>avant de l’annoncer.</p>
<p>Des professionnel·les expérimenté·es et de confiance peuvent vous soutenir et vous accompagner dans votre annonce. <strong>Les <a href="https://www.vivreaveclevih.org/fr/liens-utiles/associations-vih/">associations</a></strong> de personnes vivant avec le VIH vous apporteront également un soutien et un accompagnement. Vous y rencontrerez des personnes avec qui partager votre expérience et votre vécu.</p>
<p>Bien souvent, c’est parmi ses proches que l’on trouve du soutien et du réconfort. <strong>Leurs réactions peuvent être diverses</strong>. Certain·es pourraient avoir une réaction inattendue (positive ou négative), soit parce qu’ils·elles sont eux·elles-mêmes touché·es par ce qui vous arrive, soit parce qu’ils·elles ne comprennent pas et sont mal informé·es sur la maladie. Vous pourriez aussi être étonné·e de l’accueil et de la capacité d’écoute de vos proches.</p>
<p>Révéler votre état de santé à un·e proche ne se fait que par choix et non par obligation.</p>
<p>Prenez bien votre temps avant d’en parler et assurez-vous que votre interlocuteur·trice pourra préserver votre secret et vous apporter le soutien dont vous avez besoin. Choisissez également un moment convenable et un endroit calme.</p>
<p><a class="readmore" href="https://www.vivreaveclevih.org/fr/mes-droits/victime-de-discrimination-que-faire/">Pour en savoir plus : VICTIME DE DISCRIMINATION, que faire ?</a></p>

<h2>Est-ce que je risque de transmettre le VIH à mon entourage ?</h2>
<p>En tant que personne séropositive, <strong>vous ne pouvez pas <a href="https://www.vivreaveclevih.org/fr/vih/comment-se-transmet-le-vih/">transmettre le VIH</a></strong> à vos proches en dehors des rapports sexuels non protégés. Le VIH ne se transmet pas par les gestes de la vie de tous les jours comme le partage d’ustensiles de cuisine, utiliser les mêmes toilettes, porter les mêmes vêtements, se donner la main, etc. Il ne se transmet pas non plus par les larmes, la sueur, la salive, un éternuement, une piqûre d’insecte, les baisers<strong>,</strong> les massages, ou la masturbation.</p>
<p><strong>Le VIH se transmet uniquement par</strong> :</p>
<ul>
<li>Des rapports sexuels non protégés s’il y a pénétration vaginale ou anale et/ou lors de rapports sexuels oraux non protégés (fellation) si vous êtes le·la receveur·euse</li>
<li>Un contact important avec du sang contaminé lors de partage de matériel d’injection</li>
<li>La transmission <a href="https://www.vivreaveclevih.org/fr/protection/proteger-son-enfant-durant-la-grossesse/"><strong>de la mère à l’enfant</strong></a> en cas d’absence de traitement de la mère, ou pendant l’allaitement</li>
</ul>
<p><a class="btn" href="https://www.vivreaveclevih.org/fr/vih/comment-se-transmet-le-vih/">Plus d&rsquo;infos sur les modes de transmission du VIH</a></p>

<p><strong>NB ! </strong>Si votre charge virale est <a href="https://www.vivreaveclevih.org/fr/protection/indetectable-intransmissible-ou-ii/"><strong>indétectable</strong></a>, généralement six mois après le début du traitement, vous ne risquez pas de transmettre le VIH à votre·vos partenaire·s lors des rapports sexuels sans préservatif et à votre enfant au cours de la grossesse, ainsi que pendant l’accouchement.</p>
