{"id":9460,"date":"2021-07-07T21:46:43","date_gmt":"2021-07-07T19:46:43","guid":{"rendered":"https:\/\/www.vivreaveclevih.org\/?page_id=9460"},"modified":"2026-01-29T16:47:28","modified_gmt":"2026-01-29T15:47:28","slug":"les-chiffres-du-vih-sida-2","status":"publish","type":"page","link":"https:\/\/www.vivreaveclevih.org\/fr\/vih\/les-chiffres-du-vih-sida-2\/","title":{"rendered":"Les chiffres du VIH\/sida en Belgique \u2013 situation au 31\/12\/2024 \u00a9 Sciensano"},"content":{"rendered":"<p>&nbsp;<\/p>\n<p>&nbsp;<\/p>\n","protected":false},"excerpt":{"rendered":"<p>&nbsp; &nbsp;<\/p>\n","protected":false},"author":1,"featured_media":0,"parent":23,"menu_order":0,"comment_status":"closed","ping_status":"closed","template":"","meta":{"_acf_changed":false,"footnotes":""},"class_list":["post-9460","page","type-page","status-publish","hentry"],"acf":{"sidebar":false,"contenu_flexible":[{"acf_fc_layout":"textfull","text":"<h1 style=\"text-align: center;\"><strong>LES DIAGNOSTICS DE VIH AUGMENTENT CHEZ LES HOMMES BELGES<\/strong><\/h1>\n<h2 style=\"text-align: center;\">\u00a0EN 2024, 1,8 personnes par jour ont \u00e9t\u00e9 diagnostiqu\u00e9es avec le vih<\/h2>\n","background_color":true},{"acf_fc_layout":"textfull","text":"<p>En 2024, <strong>662 personnes ont re\u00e7u un nouveau diagnostic de VIH en Belgique<\/strong>. On observe une\u00a0<strong>hausse des diagnostics en 2024 chez les hommes belges<\/strong>, tant les hommes ayant des rapports sexuels avec d\u2019autres hommes que les hommes h\u00e9t\u00e9rosexuels.<\/p>\n<p><strong>Parmi les<\/strong>\u00a0<strong>hommes ayant des rapports sexuels avec des hommes, <\/strong>le nombre de nouveaux diagnostics de VIH est le m\u00eame que celui de 2023, except\u00e9<strong> chez les HSH belges o\u00f9 on constate une augmentation de 15%.<\/strong><\/p>\n<p><strong>En 2024, on estime le nombre de personnes vivant avec le VIH \u00e0 19.183 parmi lesquelles 1224 ignoraient leur statut.<\/strong><\/p>\n<h2>des diagnostics tardifs<\/h2>\n<p>Parmi les nouvelles infections enregistr\u00e9es, <strong>33% ont \u00e9t\u00e9 diagnostiqu\u00e9es tardivement en moyenne<\/strong> (44% pour les infections transmises par contacts h\u00e9t\u00e9rosexuels et 19% chez les hommes ayant des relations sexuelles avec des hommes (HSH)).<\/p>\n","background_color":false},{"acf_fc_layout":"imagefull","image":12171,"text":""},{"acf_fc_layout":"textfull","text":"<h2>Chiffres et tendances en 2024<\/h2>\n<p>En 2024, les <strong>HSH europ\u00e9ens<\/strong> repr\u00e9sentaient 15 % des diagnostics chez les HSH, 14 % \u00e9taient de nationalit\u00e9 latino-am\u00e9ricaine et 7 % (N=19) de nationalit\u00e9 africaine subsaharienne. Parmi les HSH non-belges, le nombre de diagnostics en 2024 <strong>est rest\u00e9 comparable ou a l\u00e9g\u00e8rement diminu\u00e9<\/strong> par rapport \u00e0 celui de 2023.<\/p>\n<p>Les <strong>nationalit\u00e9s \u00e9trang\u00e8res<\/strong> les plus fr\u00e9quemment rapport\u00e9es chez les HSH diagnostiqu\u00e9s en 2024 sont les suivantes : Br\u00e9sil (8 %), Italie (3 %), Colombie (3 %) et France (2 %).<\/p>\n<p>Le nombre de diagnostics rapport\u00e9s en 2024 chez <strong>les personnes h\u00e9t\u00e9rosexuelles est similaire<\/strong> \u00e0 celui de 2023 (+3 %). Chez les femmes, on observe une <strong>l\u00e9g\u00e8re diminution<\/strong> (-5 %) alors qu\u2019<strong>une augmentation (+13 %) est constat\u00e9e chez les hommes<\/strong>.<br \/>\n<strong>Le nombre de diagnostics est stable<\/strong> parmi les femmes de nationalit\u00e9 belge et il a diminu\u00e9 chez les femmes d\u2019autres nationalit\u00e9s. Chez les hommes, l\u2019augmentation du nombre de diagnostics \u00e9taient principalement li\u00e9e \u00e0 une augmentation chez les Belges (+33 %) et, dans une moindre mesure, chez les autre nationalit\u00e9s.<\/p>\n<p>Outre les 32 401 personnes chez lesquelles un nouveau diagnostic de VIH a \u00e9t\u00e9 pos\u00e9 depuis le d\u00e9but de l&rsquo;\u00e9pid\u00e9mie, <strong>6 901 personnes ont re\u00e7u une premi\u00e8re confirmation d\u2019un diagnostic de VIH pr\u00e9existant<\/strong>. Les personnes avec un diagnostic de VIH pr\u00e9existant sont des personnes d\u00e9j\u00e0 diagnostiqu\u00e9es ou d\u00e9j\u00e0 en soins pour le VIH dans un autre pays avant leur premi\u00e8re confirmation diagnostique en Belgique. Ces 6 901 personnes avec une infection par le VIH connue ne repr\u00e9sentent pas une population qui aurait pu b\u00e9n\u00e9ficier de mesures de pr\u00e9vention en Belgique, mais pour lesquelles il est cependant important de confirmer l\u2019infection le plus pr\u00e9cocement possible comme porte d\u2019entr\u00e9e aux soins.<\/p>\n<h2><img loading=\"lazy\" decoding=\"async\" class=\"aligncenter size-full wp-image-9796\" src=\"https:\/\/www.vivreaveclevih.org\/wp-content\/uploads\/2021\/08\/chiffres.jpg\" alt=\"\" width=\"1039\" height=\"159\" srcset=\"https:\/\/www.vivreaveclevih.org\/wp-content\/uploads\/2021\/08\/chiffres.jpg 1039w, https:\/\/www.vivreaveclevih.org\/wp-content\/uploads\/2021\/08\/chiffres-300x46.jpg 300w, https:\/\/www.vivreaveclevih.org\/wp-content\/uploads\/2021\/08\/chiffres-1024x157.jpg 1024w, https:\/\/www.vivreaveclevih.org\/wp-content\/uploads\/2021\/08\/chiffres-768x118.jpg 768w, https:\/\/www.vivreaveclevih.org\/wp-content\/uploads\/2021\/08\/chiffres-500x77.jpg 500w\" sizes=\"auto, (max-width: 1039px) 100vw, 1039px\" \/><\/h2>\n","background_color":false},{"acf_fc_layout":"textfull","text":"<h2>Continuum des soins pour le VIH<\/h2>\n<p>La prise en charge optimale des patients s\u00e9ropositifs n\u00e9cessite une\u00a0<strong>continuit\u00e9 des services tout au long des stades\u00a0<\/strong>suivants: d\u00e9pistage, diagnostic, admission et maintien en soins, initiation du traitement antir\u00e9troviral et obtention d\u2019une charge virale ind\u00e9tectable. Les patients dont la charge virale est ind\u00e9tectable ont un pronostic plus favorable et ne peuvent plus transmettre le virus lors de contacts sexuels, ce qui contribue \u00e0 la pr\u00e9vention de nouvelles infections par le VIH<\/p>\n<p>Notre pays a presque atteint les <u><strong>objectifs\u00a0<\/strong><\/u><u><a href=\"https:\/\/aidstargets2025.unaids.org\/\"><strong>\u201c95-95-95\u201d de l\u2019ONUSIDA<\/strong><\/a><\/u>\u00a0concernant le continuum de soins pour le VIH.<strong>\u00a0Afin de progresser dans le contr\u00f4le de l\u2019\u00e9pid\u00e9mie du VIH en Belgique, il est n\u00e9cessaire d\u2019am\u00e9liorer encore l\u2019utilisation de la pr\u00e9vention combin\u00e9e pour les personnes expos\u00e9es au risque d\u2019infection par le VIH.<\/strong> En 2024, on estimait \u00e0 <strong>19.183 le nombre de personnes vivant avec le VIH<\/strong> en Belgique. Parmi celles-ci, 94 % \u00e9taient diagnostiqu\u00e9es ; de celles-ci, 95 % \u00e9taient sous traitement antir\u00e9troviral et parmi ces derni\u00e8res, 98 % avaient une <a href=\"https:\/\/www.vivreaveclevih.org\/fr\/vih\/la-charge-virale-cest-quoi\/\">charge virale supprim\u00e9e<\/a>, soit 88 % de l\u2019ensemble de ces personnes.<\/p>\n<p><img loading=\"lazy\" decoding=\"async\" class=\"aligncenter wp-image-8028\" src=\"https:\/\/www.vivreaveclevih.org\/wp-content\/uploads\/2020\/11\/iegali_Plan-de-travail-1.png\" alt=\"\" width=\"333\" height=\"218\" srcset=\"https:\/\/www.vivreaveclevih.org\/wp-content\/uploads\/2020\/11\/iegali_Plan-de-travail-1.png 2810w, https:\/\/www.vivreaveclevih.org\/wp-content\/uploads\/2020\/11\/iegali_Plan-de-travail-1-300x197.png 300w, https:\/\/www.vivreaveclevih.org\/wp-content\/uploads\/2020\/11\/iegali_Plan-de-travail-1-1024x672.png 1024w, https:\/\/www.vivreaveclevih.org\/wp-content\/uploads\/2020\/11\/iegali_Plan-de-travail-1-768x504.png 768w, https:\/\/www.vivreaveclevih.org\/wp-content\/uploads\/2020\/11\/iegali_Plan-de-travail-1-1536x1007.png 1536w, https:\/\/www.vivreaveclevih.org\/wp-content\/uploads\/2020\/11\/iegali_Plan-de-travail-1-2048x1343.png 2048w, https:\/\/www.vivreaveclevih.org\/wp-content\/uploads\/2020\/11\/iegali_Plan-de-travail-1-460x300.png 460w, https:\/\/www.vivreaveclevih.org\/wp-content\/uploads\/2020\/11\/iegali_Plan-de-travail-1-500x328.png 500w\" sizes=\"auto, (max-width: 333px) 100vw, 333px\" \/><\/p>\n","background_color":true},{"acf_fc_layout":"imagefull","image":11404,"text":""},{"acf_fc_layout":"textfull","text":"<p><a class=\"btn\" href=\"https:\/\/www.sciensano.be\/en\/biblio\/epidemiologie-du-vih-en-belgique-situation-au-31-decembre-2024\">voir le rapport complet<\/a><\/p>\n<h2>Contact<\/h2>\n<p>Thierry Martin \u2013 Directeur de la Plateforme Pr\u00e9vention Sida<br \/>\n0476\/630631 \u2013 02\/7337299<\/p>\n","background_color":false}]},"_links":{"self":[{"href":"https:\/\/www.vivreaveclevih.org\/fr\/wp-json\/wp\/v2\/pages\/9460","targetHints":{"allow":["GET"]}}],"collection":[{"href":"https:\/\/www.vivreaveclevih.org\/fr\/wp-json\/wp\/v2\/pages"}],"about":[{"href":"https:\/\/www.vivreaveclevih.org\/fr\/wp-json\/wp\/v2\/types\/page"}],"author":[{"embeddable":true,"href":"https:\/\/www.vivreaveclevih.org\/fr\/wp-json\/wp\/v2\/users\/1"}],"replies":[{"embeddable":true,"href":"https:\/\/www.vivreaveclevih.org\/fr\/wp-json\/wp\/v2\/comments?post=9460"}],"version-history":[{"count":6,"href":"https:\/\/www.vivreaveclevih.org\/fr\/wp-json\/wp\/v2\/pages\/9460\/revisions"}],"predecessor-version":[{"id":12172,"href":"https:\/\/www.vivreaveclevih.org\/fr\/wp-json\/wp\/v2\/pages\/9460\/revisions\/12172"}],"up":[{"embeddable":true,"href":"https:\/\/www.vivreaveclevih.org\/fr\/wp-json\/wp\/v2\/pages\/23"}],"wp:attachment":[{"href":"https:\/\/www.vivreaveclevih.org\/fr\/wp-json\/wp\/v2\/media?parent=9460"}],"curies":[{"name":"wp","href":"https:\/\/api.w.org\/{rel}","templated":true}]}}

<h1 style="text-align: center;"><strong>LES DIAGNOSTICS DE VIH AUGMENTENT CHEZ LES HOMMES BELGES</strong></h1>
<h2 style="text-align: center;"> EN 2024, 1,8 personnes par jour ont été diagnostiquées avec le vih</h2>

<p>En 2024, <strong>662 personnes ont reçu un nouveau diagnostic de VIH en Belgique</strong>. On observe une <strong>hausse des diagnostics en 2024 chez les hommes belges</strong>, tant les hommes ayant des rapports sexuels avec d’autres hommes que les hommes hétérosexuels.</p>
<p><strong>Parmi les</strong> <strong>hommes ayant des rapports sexuels avec des hommes, </strong>le nombre de nouveaux diagnostics de VIH est le même que celui de 2023, excepté<strong> chez les HSH belges où on constate une augmentation de 15%.</strong></p>
<p><strong>En 2024, on estime le nombre de personnes vivant avec le VIH à 19.183 parmi lesquelles 1224 ignoraient leur statut.</strong></p>
<h2>des diagnostics tardifs</h2>
<p>Parmi les nouvelles infections enregistrées, <strong>33% ont été diagnostiquées tardivement en moyenne</strong> (44% pour les infections transmises par contacts hétérosexuels et 19% chez les hommes ayant des relations sexuelles avec des hommes (HSH)).</p>

<h2>Chiffres et tendances en 2024</h2>
<p>En 2024, les <strong>HSH européens</strong> représentaient 15 % des diagnostics chez les HSH, 14 % étaient de nationalité latino-américaine et 7 % (N=19) de nationalité africaine subsaharienne. Parmi les HSH non-belges, le nombre de diagnostics en 2024 <strong>est resté comparable ou a légèrement diminué</strong> par rapport à celui de 2023.</p>
<p>Les <strong>nationalités étrangères</strong> les plus fréquemment rapportées chez les HSH diagnostiqués en 2024 sont les suivantes : Brésil (8 %), Italie (3 %), Colombie (3 %) et France (2 %).</p>
<p>Le nombre de diagnostics rapportés en 2024 chez <strong>les personnes hétérosexuelles est similaire</strong> à celui de 2023 (+3 %). Chez les femmes, on observe une <strong>légère diminution</strong> (-5 %) alors qu’<strong>une augmentation (+13 %) est constatée chez les hommes</strong>.<br />
<strong>Le nombre de diagnostics est stable</strong> parmi les femmes de nationalité belge et il a diminué chez les femmes d’autres nationalités. Chez les hommes, l’augmentation du nombre de diagnostics étaient principalement liée à une augmentation chez les Belges (+33 %) et, dans une moindre mesure, chez les autre nationalités.</p>
<p>Outre les 32 401 personnes chez lesquelles un nouveau diagnostic de VIH a été posé depuis le début de l&rsquo;épidémie, <strong>6 901 personnes ont reçu une première confirmation d’un diagnostic de VIH préexistant</strong>. Les personnes avec un diagnostic de VIH préexistant sont des personnes déjà diagnostiquées ou déjà en soins pour le VIH dans un autre pays avant leur première confirmation diagnostique en Belgique. Ces 6 901 personnes avec une infection par le VIH connue ne représentent pas une population qui aurait pu bénéficier de mesures de prévention en Belgique, mais pour lesquelles il est cependant important de confirmer l’infection le plus précocement possible comme porte d’entrée aux soins.</p>
<h2><img loading="lazy" decoding="async" class="aligncenter size-full wp-image-9796" src="https://www.vivreaveclevih.org/wp-content/uploads/2021/08/chiffres.jpg" alt="" width="1039" height="159" srcset="https://www.vivreaveclevih.org/wp-content/uploads/2021/08/chiffres.jpg 1039w, https://www.vivreaveclevih.org/wp-content/uploads/2021/08/chiffres-300x46.jpg 300w, https://www.vivreaveclevih.org/wp-content/uploads/2021/08/chiffres-1024x157.jpg 1024w, https://www.vivreaveclevih.org/wp-content/uploads/2021/08/chiffres-768x118.jpg 768w, https://www.vivreaveclevih.org/wp-content/uploads/2021/08/chiffres-500x77.jpg 500w" sizes="auto, (max-width: 1039px) 100vw, 1039px" /></h2>

<h2>Continuum des soins pour le VIH</h2>
<p>La prise en charge optimale des patients séropositifs nécessite une <strong>continuité des services tout au long des stades </strong>suivants: dépistage, diagnostic, admission et maintien en soins, initiation du traitement antirétroviral et obtention d’une charge virale indétectable. Les patients dont la charge virale est indétectable ont un pronostic plus favorable et ne peuvent plus transmettre le virus lors de contacts sexuels, ce qui contribue à la prévention de nouvelles infections par le VIH</p>
<p>Notre pays a presque atteint les <u><strong>objectifs </strong></u><u><a href="https://aidstargets2025.unaids.org/"><strong>“95-95-95” de l’ONUSIDA</strong></a></u> concernant le continuum de soins pour le VIH.<strong> Afin de progresser dans le contrôle de l’épidémie du VIH en Belgique, il est nécessaire d’améliorer encore l’utilisation de la prévention combinée pour les personnes exposées au risque d’infection par le VIH.</strong> En 2024, on estimait à <strong>19.183 le nombre de personnes vivant avec le VIH</strong> en Belgique. Parmi celles-ci, 94 % étaient diagnostiquées ; de celles-ci, 95 % étaient sous traitement antirétroviral et parmi ces dernières, 98 % avaient une <a href="https://www.vivreaveclevih.org/fr/vih/la-charge-virale-cest-quoi/">charge virale supprimée</a>, soit 88 % de l’ensemble de ces personnes.</p>
<p><img loading="lazy" decoding="async" class="aligncenter wp-image-8028" src="https://www.vivreaveclevih.org/wp-content/uploads/2020/11/iegali_Plan-de-travail-1.png" alt="" width="333" height="218" srcset="https://www.vivreaveclevih.org/wp-content/uploads/2020/11/iegali_Plan-de-travail-1.png 2810w, https://www.vivreaveclevih.org/wp-content/uploads/2020/11/iegali_Plan-de-travail-1-300x197.png 300w, https://www.vivreaveclevih.org/wp-content/uploads/2020/11/iegali_Plan-de-travail-1-1024x672.png 1024w, https://www.vivreaveclevih.org/wp-content/uploads/2020/11/iegali_Plan-de-travail-1-768x504.png 768w, https://www.vivreaveclevih.org/wp-content/uploads/2020/11/iegali_Plan-de-travail-1-1536x1007.png 1536w, https://www.vivreaveclevih.org/wp-content/uploads/2020/11/iegali_Plan-de-travail-1-2048x1343.png 2048w, https://www.vivreaveclevih.org/wp-content/uploads/2020/11/iegali_Plan-de-travail-1-460x300.png 460w, https://www.vivreaveclevih.org/wp-content/uploads/2020/11/iegali_Plan-de-travail-1-500x328.png 500w" sizes="auto, (max-width: 333px) 100vw, 333px" /></p>

<p><a class="btn" href="https://www.sciensano.be/en/biblio/epidemiologie-du-vih-en-belgique-situation-au-31-decembre-2024">voir le rapport complet</a></p>
<h2>Contact</h2>
<p>Thierry Martin – Directeur de la Plateforme Prévention Sida<br />
0476/630631 – 02/7337299</p>
