{"id":9477,"date":"2021-07-07T21:52:15","date_gmt":"2021-07-07T19:52:15","guid":{"rendered":"https:\/\/www.vivreaveclevih.org\/?page_id=9477"},"modified":"2021-10-07T15:43:12","modified_gmt":"2021-10-07T13:43:12","slug":"agenda","status":"publish","type":"page","link":"https:\/\/www.vivreaveclevih.org\/fr\/activites\/agenda\/","title":{"rendered":"Agenda"},"content":{"rendered":"<p>Retrouvez tous les \u00e9v\u00e9nements et les activit\u00e9s pour les personnes vivant avec le VIH organis\u00e9s par la Plateforme Pr\u00e9vention Sida et\/ou ses partenaires.<\/p>\n<p><strong>Vous aussi, faites vivre vos projets \u00e0 travers notre site\u00a0!<\/strong><\/p>\n<p>Que vous soyez des professionnel\u00b7les de la sant\u00e9, une association travaillant avec les personnes vivant avec le VIH, ou une personne vivant avec le VIH, nous vous invitons \u00e0 nous partager vos \u00e9v\u00e9nements et activit\u00e9s pour les personnes vivant avec le VIH afin de les visibiliser sur notre site internet.<\/p>\n<p><a class=\"btn\" href=\"https:\/\/www.vivreaveclevih.org\/fr\/evenement-passes\/\">Voir tous les \u00e9v\u00e9nements pass\u00e9s<\/a><\/p>\n","protected":false},"excerpt":{"rendered":"<p>Retrouvez tous les \u00e9v\u00e9nements et les activit\u00e9s pour les personnes vivant avec le VIH organis\u00e9s par la Plateforme Pr\u00e9vention Sida et\/ou ses partenaires. Vous aussi, faites vivre vos projets \u00e0 travers notre site\u00a0! Que vous soyez des professionnel\u00b7les de la sant\u00e9, une association travaillant avec les personnes vivant avec le VIH, ou une personne vivant avec le VIH, nous vous invitons \u00e0 nous partager vos \u00e9v\u00e9nements et activit\u00e9s pour les personnes vivant avec le VIH afin de les visibiliser sur notre site internet. Voir tous les \u00e9v\u00e9nements pass\u00e9s<\/p>\n","protected":false},"author":1,"featured_media":0,"parent":9475,"menu_order":0,"comment_status":"closed","ping_status":"closed","template":"plugin-page-events.php","meta":{"_acf_changed":false,"footnotes":""},"class_list":["post-9477","page","type-page","status-publish","hentry"],"acf":{"sidebar":false,"contenu_flexible":false},"_links":{"self":[{"href":"https:\/\/www.vivreaveclevih.org\/fr\/wp-json\/wp\/v2\/pages\/9477","targetHints":{"allow":["GET"]}}],"collection":[{"href":"https:\/\/www.vivreaveclevih.org\/fr\/wp-json\/wp\/v2\/pages"}],"about":[{"href":"https:\/\/www.vivreaveclevih.org\/fr\/wp-json\/wp\/v2\/types\/page"}],"author":[{"embeddable":true,"href":"https:\/\/www.vivreaveclevih.org\/fr\/wp-json\/wp\/v2\/users\/1"}],"replies":[{"embeddable":true,"href":"https:\/\/www.vivreaveclevih.org\/fr\/wp-json\/wp\/v2\/comments?post=9477"}],"version-history":[{"count":3,"href":"https:\/\/www.vivreaveclevih.org\/fr\/wp-json\/wp\/v2\/pages\/9477\/revisions"}],"predecessor-version":[{"id":10387,"href":"https:\/\/www.vivreaveclevih.org\/fr\/wp-json\/wp\/v2\/pages\/9477\/revisions\/10387"}],"up":[{"embeddable":true,"href":"https:\/\/www.vivreaveclevih.org\/fr\/wp-json\/wp\/v2\/pages\/9475"}],"wp:attachment":[{"href":"https:\/\/www.vivreaveclevih.org\/fr\/wp-json\/wp\/v2\/media?parent=9477"}],"curies":[{"name":"wp","href":"https:\/\/api.w.org\/{rel}","templated":true}]}}

<p>Retrouvez tous les événements et les activités pour les personnes vivant avec le VIH organisés par la Plateforme Prévention Sida et/ou ses partenaires.</p>
<p><strong>Vous aussi, faites vivre vos projets à travers notre site !</strong></p>
<p>Que vous soyez des professionnel·les de la santé, une association travaillant avec les personnes vivant avec le VIH, ou une personne vivant avec le VIH, nous vous invitons à nous partager vos événements et activités pour les personnes vivant avec le VIH afin de les visibiliser sur notre site internet.</p>
<p><a class="btn" href="https://www.vivreaveclevih.org/fr/evenement-passes/">Voir tous les événements passés</a></p>

<p>Retrouvez tous les événements et les activités pour les personnes vivant avec le VIH organisés par la Plateforme Prévention Sida et/ou ses partenaires. Vous aussi, faites vivre vos projets à travers notre site ! Que vous soyez des professionnel·les de la santé, une association travaillant avec les personnes vivant avec le VIH, ou une personne vivant avec le VIH, nous vous invitons à nous partager vos événements et activités pour les personnes vivant avec le VIH afin de les visibiliser sur notre site internet. Voir tous les événements passés</p>
